{"id":1627,"date":"2026-01-28T12:12:45","date_gmt":"2026-01-28T11:12:45","guid":{"rendered":"https:\/\/upgrace.info\/?post_type=locatie&#038;p=1627"},"modified":"2026-03-30T22:21:14","modified_gmt":"2026-03-30T20:21:14","slug":"eglise-des-carmes","status":"publish","type":"locatie","link":"https:\/\/upgrace.info\/fr\/locaties\/eglise-des-carmes\/","title":{"rendered":"\u00c9glise des Carmes"},"content":{"rendered":"<p><strong>Abb\u00e9 Lukas Martens OCD <\/strong>(NL, FR, EN, DE): Tous les jeudis de 14h30 \u00e0 17h30 ; tous les vendredis de 9h \u00e0 11h30.<\/p>\n","protected":false},"author":5,"featured_media":1623,"template":"","faciliteit":[],"locatie_categorie":[],"locatie_tag":[],"class_list":["post-1627","locatie","type-locatie","status-publish","has-post-thumbnail","hentry"],"acf":[],"yoast_head":"<!-- This site is optimized with the Yoast SEO plugin v27.0 - https:\/\/yoast.com\/product\/yoast-seo-wordpress\/ -->\n<title>\u00c9glise des Carmes - UpGrace<\/title>\n<meta name=\"robots\" content=\"index, follow, max-snippet:-1, max-image-preview:large, max-video-preview:-1\" \/>\n<link rel=\"canonical\" href=\"https:\/\/upgrace.info\/fr\/locaties\/eglise-des-carmes\/\" \/>\n<meta property=\"og:locale\" content=\"fr_FR\" \/>\n<meta property=\"og:type\" content=\"article\" \/>\n<meta property=\"og:title\" content=\"\u00c9glise des Carmes - UpGrace\" \/>\n<meta property=\"og:description\" content=\"Abb\u00e9 Lukas Martens OCD (NL, FR, EN, DE): Tous les jeudis de 14h30 \u00e0 17h30 ; tous les vendredis de 9h \u00e0 11h30.\" \/>\n<meta property=\"og:url\" content=\"https:\/\/upgrace.info\/fr\/locaties\/eglise-des-carmes\/\" \/>\n<meta property=\"og:site_name\" content=\"UpGrace\" \/>\n<meta property=\"article:modified_time\" content=\"2026-03-30T20:21:14+00:00\" \/>\n<meta property=\"og:image\" content=\"https:\/\/upgrace.info\/wp-content\/uploads\/2026\/01\/Karmel-Gent.jpg\" \/>\n\t<meta property=\"og:image:width\" content=\"608\" \/>\n\t<meta property=\"og:image:height\" content=\"601\" \/>\n\t<meta property=\"og:image:type\" content=\"image\/jpeg\" \/>\n<meta name=\"twitter:card\" content=\"summary_large_image\" \/>\n<meta name=\"twitter:label1\" content=\"Dur\u00e9e de lecture estim\u00e9e\" \/>\n\t<meta name=\"twitter:data1\" content=\"1 minute\" \/>\n<script type=\"application\/ld+json\" class=\"yoast-schema-graph\">{\"@context\":\"https:\/\/schema.org\",\"@graph\":[{\"@type\":\"WebPage\",\"@id\":\"https:\/\/upgrace.info\/fr\/locaties\/eglise-des-carmes\/\",\"url\":\"https:\/\/upgrace.info\/fr\/locaties\/eglise-des-carmes\/\",\"name\":\"\u00c9glise des Carmes - UpGrace\",\"isPartOf\":{\"@id\":\"https:\/\/upgrace.info\/#website\"},\"primaryImageOfPage\":{\"@id\":\"https:\/\/upgrace.info\/fr\/locaties\/eglise-des-carmes\/#primaryimage\"},\"image\":{\"@id\":\"https:\/\/upgrace.info\/fr\/locaties\/eglise-des-carmes\/#primaryimage\"},\"thumbnailUrl\":\"https:\/\/upgrace.info\/wp-content\/uploads\/2026\/01\/Karmel-Gent.jpg\",\"datePublished\":\"2026-01-28T11:12:45+00:00\",\"dateModified\":\"2026-03-30T20:21:14+00:00\",\"breadcrumb\":{\"@id\":\"https:\/\/upgrace.info\/fr\/locaties\/eglise-des-carmes\/#breadcrumb\"},\"inLanguage\":\"fr-FR\",\"potentialAction\":[{\"@type\":\"ReadAction\",\"target\":[\"https:\/\/upgrace.info\/fr\/locaties\/eglise-des-carmes\/\"]}]},{\"@type\":\"ImageObject\",\"inLanguage\":\"fr-FR\",\"@id\":\"https:\/\/upgrace.info\/fr\/locaties\/eglise-des-carmes\/#primaryimage\",\"url\":\"https:\/\/upgrace.info\/wp-content\/uploads\/2026\/01\/Karmel-Gent.jpg\",\"contentUrl\":\"https:\/\/upgrace.info\/wp-content\/uploads\/2026\/01\/Karmel-Gent.jpg\",\"width\":608,\"height\":601},{\"@type\":\"BreadcrumbList\",\"@id\":\"https:\/\/upgrace.info\/fr\/locaties\/eglise-des-carmes\/#breadcrumb\",\"itemListElement\":[{\"@type\":\"ListItem\",\"position\":1,\"name\":\"Home\",\"item\":\"https:\/\/upgrace.info\/fr\/\"},{\"@type\":\"ListItem\",\"position\":2,\"name\":\"\u00c9glise des Carmes\"}]},{\"@type\":\"WebSite\",\"@id\":\"https:\/\/upgrace.info\/#website\",\"url\":\"https:\/\/upgrace.info\/\",\"name\":\"UpGrace\",\"description\":\"alles over het sacrament van de verzoening\",\"potentialAction\":[{\"@type\":\"SearchAction\",\"target\":{\"@type\":\"EntryPoint\",\"urlTemplate\":\"https:\/\/upgrace.info\/?s={search_term_string}\"},\"query-input\":{\"@type\":\"PropertyValueSpecification\",\"valueRequired\":true,\"valueName\":\"search_term_string\"}}],\"inLanguage\":\"fr-FR\"}]}<\/script>\n<!-- \/ Yoast SEO plugin. -->","yoast_head_json":{"title":"\u00c9glise des Carmes - UpGrace","robots":{"index":"index","follow":"follow","max-snippet":"max-snippet:-1","max-image-preview":"max-image-preview:large","max-video-preview":"max-video-preview:-1"},"canonical":"https:\/\/upgrace.info\/fr\/locaties\/eglise-des-carmes\/","og_locale":"fr_FR","og_type":"article","og_title":"\u00c9glise des Carmes - UpGrace","og_description":"Abb\u00e9 Lukas Martens OCD (NL, FR, EN, DE): Tous les jeudis de 14h30 \u00e0 17h30 ; tous les vendredis de 9h \u00e0 11h30.","og_url":"https:\/\/upgrace.info\/fr\/locaties\/eglise-des-carmes\/","og_site_name":"UpGrace","article_modified_time":"2026-03-30T20:21:14+00:00","og_image":[{"width":608,"height":601,"url":"https:\/\/upgrace.info\/wp-content\/uploads\/2026\/01\/Karmel-Gent.jpg","type":"image\/jpeg"}],"twitter_card":"summary_large_image","twitter_misc":{"Dur\u00e9e de lecture estim\u00e9e":"1 minute"},"schema":{"@context":"https:\/\/schema.org","@graph":[{"@type":"WebPage","@id":"https:\/\/upgrace.info\/fr\/locaties\/eglise-des-carmes\/","url":"https:\/\/upgrace.info\/fr\/locaties\/eglise-des-carmes\/","name":"\u00c9glise des Carmes - UpGrace","isPartOf":{"@id":"https:\/\/upgrace.info\/#website"},"primaryImageOfPage":{"@id":"https:\/\/upgrace.info\/fr\/locaties\/eglise-des-carmes\/#primaryimage"},"image":{"@id":"https:\/\/upgrace.info\/fr\/locaties\/eglise-des-carmes\/#primaryimage"},"thumbnailUrl":"https:\/\/upgrace.info\/wp-content\/uploads\/2026\/01\/Karmel-Gent.jpg","datePublished":"2026-01-28T11:12:45+00:00","dateModified":"2026-03-30T20:21:14+00:00","breadcrumb":{"@id":"https:\/\/upgrace.info\/fr\/locaties\/eglise-des-carmes\/#breadcrumb"},"inLanguage":"fr-FR","potentialAction":[{"@type":"ReadAction","target":["https:\/\/upgrace.info\/fr\/locaties\/eglise-des-carmes\/"]}]},{"@type":"ImageObject","inLanguage":"fr-FR","@id":"https:\/\/upgrace.info\/fr\/locaties\/eglise-des-carmes\/#primaryimage","url":"https:\/\/upgrace.info\/wp-content\/uploads\/2026\/01\/Karmel-Gent.jpg","contentUrl":"https:\/\/upgrace.info\/wp-content\/uploads\/2026\/01\/Karmel-Gent.jpg","width":608,"height":601},{"@type":"BreadcrumbList","@id":"https:\/\/upgrace.info\/fr\/locaties\/eglise-des-carmes\/#breadcrumb","itemListElement":[{"@type":"ListItem","position":1,"name":"Home","item":"https:\/\/upgrace.info\/fr\/"},{"@type":"ListItem","position":2,"name":"\u00c9glise des Carmes"}]},{"@type":"WebSite","@id":"https:\/\/upgrace.info\/#website","url":"https:\/\/upgrace.info\/","name":"UpGrace","description":"alles over het sacrament van de verzoening","potentialAction":[{"@type":"SearchAction","target":{"@type":"EntryPoint","urlTemplate":"https:\/\/upgrace.info\/?s={search_term_string}"},"query-input":{"@type":"PropertyValueSpecification","valueRequired":true,"valueName":"search_term_string"}}],"inLanguage":"fr-FR"}]}},"_links":{"self":[{"href":"https:\/\/upgrace.info\/fr\/wp-json\/wp\/v2\/locatie\/1627","targetHints":{"allow":["GET"]}}],"collection":[{"href":"https:\/\/upgrace.info\/fr\/wp-json\/wp\/v2\/locatie"}],"about":[{"href":"https:\/\/upgrace.info\/fr\/wp-json\/wp\/v2\/types\/locatie"}],"author":[{"embeddable":true,"href":"https:\/\/upgrace.info\/fr\/wp-json\/wp\/v2\/users\/5"}],"wp:featuredmedia":[{"embeddable":true,"href":"https:\/\/upgrace.info\/fr\/wp-json\/wp\/v2\/media\/1623"}],"wp:attachment":[{"href":"https:\/\/upgrace.info\/fr\/wp-json\/wp\/v2\/media?parent=1627"}],"wp:term":[{"taxonomy":"faciliteit","embeddable":true,"href":"https:\/\/upgrace.info\/fr\/wp-json\/wp\/v2\/faciliteit?post=1627"},{"taxonomy":"locatie_categorie","embeddable":true,"href":"https:\/\/upgrace.info\/fr\/wp-json\/wp\/v2\/locatie_categorie?post=1627"},{"taxonomy":"locatie_tag","embeddable":true,"href":"https:\/\/upgrace.info\/fr\/wp-json\/wp\/v2\/locatie_tag?post=1627"}],"curies":[{"name":"wp","href":"https:\/\/api.w.org\/{rel}","templated":true}]}}

Église des Carmes

<p><strong>Abbé Lukas Martens OCD </strong>(NL, FR, EN, DE): Tous les jeudis de 14h30 à 17h30 ; tous les vendredis de 9h à 11h30.</p>

<!-- This site is optimized with the Yoast SEO plugin v27.0 - https://yoast.com/product/yoast-seo-wordpress/ -->
<title>Église des Carmes - UpGrace</title>
<meta name="robots" content="index, follow, max-snippet:-1, max-image-preview:large, max-video-preview:-1" />
<link rel="canonical" href="https://upgrace.info/fr/locaties/eglise-des-carmes/" />
<meta property="og:locale" content="fr_FR" />
<meta property="og:type" content="article" />
<meta property="og:title" content="Église des Carmes - UpGrace" />
<meta property="og:description" content="Abbé Lukas Martens OCD (NL, FR, EN, DE): Tous les jeudis de 14h30 à 17h30 ; tous les vendredis de 9h à 11h30." />
<meta property="og:url" content="https://upgrace.info/fr/locaties/eglise-des-carmes/" />
<meta property="og:site_name" content="UpGrace" />
<meta property="article:modified_time" content="2026-03-30T20:21:14+00:00" />
<meta property="og:image" content="https://upgrace.info/wp-content/uploads/2026/01/Karmel-Gent.jpg" />
	<meta property="og:image:width" content="608" />
	<meta property="og:image:height" content="601" />
	<meta property="og:image:type" content="image/jpeg" />
<meta name="twitter:card" content="summary_large_image" />
<meta name="twitter:label1" content="Durée de lecture estimée" />
	<meta name="twitter:data1" content="1 minute" />
<script type="application/ld+json" class="yoast-schema-graph">{"@context":"https://schema.org","@graph":[{"@type":"WebPage","@id":"https://upgrace.info/fr/locaties/eglise-des-carmes/","url":"https://upgrace.info/fr/locaties/eglise-des-carmes/","name":"Église des Carmes - UpGrace","isPartOf":{"@id":"https://upgrace.info/#website"},"primaryImageOfPage":{"@id":"https://upgrace.info/fr/locaties/eglise-des-carmes/#primaryimage"},"image":{"@id":"https://upgrace.info/fr/locaties/eglise-des-carmes/#primaryimage"},"thumbnailUrl":"https://upgrace.info/wp-content/uploads/2026/01/Karmel-Gent.jpg","datePublished":"2026-01-28T11:12:45+00:00","dateModified":"2026-03-30T20:21:14+00:00","breadcrumb":{"@id":"https://upgrace.info/fr/locaties/eglise-des-carmes/#breadcrumb"},"inLanguage":"fr-FR","potentialAction":[{"@type":"ReadAction","target":["https://upgrace.info/fr/locaties/eglise-des-carmes/"]}]},{"@type":"ImageObject","inLanguage":"fr-FR","@id":"https://upgrace.info/fr/locaties/eglise-des-carmes/#primaryimage","url":"https://upgrace.info/wp-content/uploads/2026/01/Karmel-Gent.jpg","contentUrl":"https://upgrace.info/wp-content/uploads/2026/01/Karmel-Gent.jpg","width":608,"height":601},{"@type":"BreadcrumbList","@id":"https://upgrace.info/fr/locaties/eglise-des-carmes/#breadcrumb","itemListElement":[{"@type":"ListItem","position":1,"name":"Home","item":"https://upgrace.info/fr/"},{"@type":"ListItem","position":2,"name":"Église des Carmes"}]},{"@type":"WebSite","@id":"https://upgrace.info/#website","url":"https://upgrace.info/","name":"UpGrace","description":"alles over het sacrament van de verzoening","potentialAction":[{"@type":"SearchAction","target":{"@type":"EntryPoint","urlTemplate":"https://upgrace.info/?s={search_term_string}"},"query-input":{"@type":"PropertyValueSpecification","valueRequired":true,"valueName":"search_term_string"}}],"inLanguage":"fr-FR"}]}</script>
<!-- / Yoast SEO plugin. -->

Église des Carmes - UpGrace

Abbé Lukas Martens OCD (NL, FR, EN, DE): Tous les jeudis de 14h30 à 17h30 ; tous les vendredis de 9h à 11h30.
