{"id":1576,"date":"2025-12-11T17:07:44","date_gmt":"2025-12-11T16:07:44","guid":{"rendered":"https:\/\/upgrace.info\/locaties\/onze-lieve-vrouw-onbevlekt-ontvangen-kerk-grote-kerk\/"},"modified":"2025-12-30T20:51:47","modified_gmt":"2025-12-30T19:51:47","slug":"eglise-notre-dame-de-limmaculee-conception-grande-eglise","status":"publish","type":"locatie","link":"https:\/\/upgrace.info\/fr\/locaties\/eglise-notre-dame-de-limmaculee-conception-grande-eglise\/","title":{"rendered":"\u00c9glise Notre-Dame-de-l&rsquo;Immacul\u00e9e-Conception (Grande \u00c9glise)"},"content":{"rendered":"<p><strong>Abb\u00e9 Quinten Kerckhofs<\/strong> (NL, EN, FR, DE) : tous les dimanches entre 9h30 et 10h15 et entre 11h30 et 11h55, apr\u00e8s la messe de midi, les vendredis entre 19h30 et 20h00 ou sur rendez-vous.<\/p>\n","protected":false},"author":4,"featured_media":1574,"template":"","faciliteit":[],"locatie_categorie":[],"locatie_tag":[],"class_list":["post-1576","locatie","type-locatie","status-publish","has-post-thumbnail","hentry"],"acf":[],"yoast_head":"<!-- This site is optimized with the Yoast SEO plugin v27.0 - https:\/\/yoast.com\/product\/yoast-seo-wordpress\/ -->\n<title>\u00c9glise Notre-Dame-de-l&#039;Immacul\u00e9e-Conception (Grande \u00c9glise) - UpGrace<\/title>\n<meta name=\"robots\" content=\"index, follow, max-snippet:-1, max-image-preview:large, max-video-preview:-1\" \/>\n<link rel=\"canonical\" href=\"https:\/\/upgrace.info\/fr\/locaties\/eglise-notre-dame-de-limmaculee-conception-grande-eglise\/\" \/>\n<meta property=\"og:locale\" content=\"fr_FR\" \/>\n<meta property=\"og:type\" content=\"article\" \/>\n<meta property=\"og:title\" content=\"\u00c9glise Notre-Dame-de-l&#039;Immacul\u00e9e-Conception (Grande \u00c9glise) - UpGrace\" \/>\n<meta property=\"og:description\" content=\"Abb\u00e9 Quinten Kerckhofs (NL, EN, FR, DE) : tous les dimanches entre 9h30 et 10h15 et entre 11h30 et 11h55, apr\u00e8s la messe de midi, les vendredis entre 19h30 et 20h00 ou sur rendez-vous.\" \/>\n<meta property=\"og:url\" content=\"https:\/\/upgrace.info\/fr\/locaties\/eglise-notre-dame-de-limmaculee-conception-grande-eglise\/\" \/>\n<meta property=\"og:site_name\" content=\"UpGrace\" \/>\n<meta property=\"article:modified_time\" content=\"2025-12-30T19:51:47+00:00\" \/>\n<meta property=\"og:image\" content=\"https:\/\/upgrace.info\/wp-content\/uploads\/2025\/12\/511160640_10237605475776197_4245920311633188417_n.jpg\" \/>\n\t<meta property=\"og:image:width\" content=\"1079\" \/>\n\t<meta property=\"og:image:height\" content=\"720\" \/>\n\t<meta property=\"og:image:type\" content=\"image\/jpeg\" \/>\n<meta name=\"twitter:card\" content=\"summary_large_image\" \/>\n<meta name=\"twitter:label1\" content=\"Dur\u00e9e de lecture estim\u00e9e\" \/>\n\t<meta name=\"twitter:data1\" content=\"1 minute\" \/>\n<script type=\"application\/ld+json\" class=\"yoast-schema-graph\">{\"@context\":\"https:\/\/schema.org\",\"@graph\":[{\"@type\":\"WebPage\",\"@id\":\"https:\/\/upgrace.info\/fr\/locaties\/eglise-notre-dame-de-limmaculee-conception-grande-eglise\/\",\"url\":\"https:\/\/upgrace.info\/fr\/locaties\/eglise-notre-dame-de-limmaculee-conception-grande-eglise\/\",\"name\":\"\u00c9glise Notre-Dame-de-l'Immacul\u00e9e-Conception (Grande \u00c9glise) - UpGrace\",\"isPartOf\":{\"@id\":\"https:\/\/upgrace.info\/#website\"},\"primaryImageOfPage\":{\"@id\":\"https:\/\/upgrace.info\/fr\/locaties\/eglise-notre-dame-de-limmaculee-conception-grande-eglise\/#primaryimage\"},\"image\":{\"@id\":\"https:\/\/upgrace.info\/fr\/locaties\/eglise-notre-dame-de-limmaculee-conception-grande-eglise\/#primaryimage\"},\"thumbnailUrl\":\"https:\/\/upgrace.info\/wp-content\/uploads\/2025\/12\/511160640_10237605475776197_4245920311633188417_n.jpg\",\"datePublished\":\"2025-12-11T16:07:44+00:00\",\"dateModified\":\"2025-12-30T19:51:47+00:00\",\"breadcrumb\":{\"@id\":\"https:\/\/upgrace.info\/fr\/locaties\/eglise-notre-dame-de-limmaculee-conception-grande-eglise\/#breadcrumb\"},\"inLanguage\":\"fr-FR\",\"potentialAction\":[{\"@type\":\"ReadAction\",\"target\":[\"https:\/\/upgrace.info\/fr\/locaties\/eglise-notre-dame-de-limmaculee-conception-grande-eglise\/\"]}]},{\"@type\":\"ImageObject\",\"inLanguage\":\"fr-FR\",\"@id\":\"https:\/\/upgrace.info\/fr\/locaties\/eglise-notre-dame-de-limmaculee-conception-grande-eglise\/#primaryimage\",\"url\":\"https:\/\/upgrace.info\/wp-content\/uploads\/2025\/12\/511160640_10237605475776197_4245920311633188417_n.jpg\",\"contentUrl\":\"https:\/\/upgrace.info\/wp-content\/uploads\/2025\/12\/511160640_10237605475776197_4245920311633188417_n.jpg\",\"width\":1079,\"height\":720},{\"@type\":\"BreadcrumbList\",\"@id\":\"https:\/\/upgrace.info\/fr\/locaties\/eglise-notre-dame-de-limmaculee-conception-grande-eglise\/#breadcrumb\",\"itemListElement\":[{\"@type\":\"ListItem\",\"position\":1,\"name\":\"Home\",\"item\":\"https:\/\/upgrace.info\/fr\/\"},{\"@type\":\"ListItem\",\"position\":2,\"name\":\"\u00c9glise Notre-Dame-de-l&#8217;Immacul\u00e9e-Conception (Grande \u00c9glise)\"}]},{\"@type\":\"WebSite\",\"@id\":\"https:\/\/upgrace.info\/#website\",\"url\":\"https:\/\/upgrace.info\/\",\"name\":\"UpGrace\",\"description\":\"alles over het sacrament van de verzoening\",\"potentialAction\":[{\"@type\":\"SearchAction\",\"target\":{\"@type\":\"EntryPoint\",\"urlTemplate\":\"https:\/\/upgrace.info\/?s={search_term_string}\"},\"query-input\":{\"@type\":\"PropertyValueSpecification\",\"valueRequired\":true,\"valueName\":\"search_term_string\"}}],\"inLanguage\":\"fr-FR\"}]}<\/script>\n<!-- \/ Yoast SEO plugin. -->","yoast_head_json":{"title":"\u00c9glise Notre-Dame-de-l'Immacul\u00e9e-Conception (Grande \u00c9glise) - UpGrace","robots":{"index":"index","follow":"follow","max-snippet":"max-snippet:-1","max-image-preview":"max-image-preview:large","max-video-preview":"max-video-preview:-1"},"canonical":"https:\/\/upgrace.info\/fr\/locaties\/eglise-notre-dame-de-limmaculee-conception-grande-eglise\/","og_locale":"fr_FR","og_type":"article","og_title":"\u00c9glise Notre-Dame-de-l'Immacul\u00e9e-Conception (Grande \u00c9glise) - UpGrace","og_description":"Abb\u00e9 Quinten Kerckhofs (NL, EN, FR, DE) : tous les dimanches entre 9h30 et 10h15 et entre 11h30 et 11h55, apr\u00e8s la messe de midi, les vendredis entre 19h30 et 20h00 ou sur rendez-vous.","og_url":"https:\/\/upgrace.info\/fr\/locaties\/eglise-notre-dame-de-limmaculee-conception-grande-eglise\/","og_site_name":"UpGrace","article_modified_time":"2025-12-30T19:51:47+00:00","og_image":[{"width":1079,"height":720,"url":"https:\/\/upgrace.info\/wp-content\/uploads\/2025\/12\/511160640_10237605475776197_4245920311633188417_n.jpg","type":"image\/jpeg"}],"twitter_card":"summary_large_image","twitter_misc":{"Dur\u00e9e de lecture estim\u00e9e":"1 minute"},"schema":{"@context":"https:\/\/schema.org","@graph":[{"@type":"WebPage","@id":"https:\/\/upgrace.info\/fr\/locaties\/eglise-notre-dame-de-limmaculee-conception-grande-eglise\/","url":"https:\/\/upgrace.info\/fr\/locaties\/eglise-notre-dame-de-limmaculee-conception-grande-eglise\/","name":"\u00c9glise Notre-Dame-de-l'Immacul\u00e9e-Conception (Grande \u00c9glise) - UpGrace","isPartOf":{"@id":"https:\/\/upgrace.info\/#website"},"primaryImageOfPage":{"@id":"https:\/\/upgrace.info\/fr\/locaties\/eglise-notre-dame-de-limmaculee-conception-grande-eglise\/#primaryimage"},"image":{"@id":"https:\/\/upgrace.info\/fr\/locaties\/eglise-notre-dame-de-limmaculee-conception-grande-eglise\/#primaryimage"},"thumbnailUrl":"https:\/\/upgrace.info\/wp-content\/uploads\/2025\/12\/511160640_10237605475776197_4245920311633188417_n.jpg","datePublished":"2025-12-11T16:07:44+00:00","dateModified":"2025-12-30T19:51:47+00:00","breadcrumb":{"@id":"https:\/\/upgrace.info\/fr\/locaties\/eglise-notre-dame-de-limmaculee-conception-grande-eglise\/#breadcrumb"},"inLanguage":"fr-FR","potentialAction":[{"@type":"ReadAction","target":["https:\/\/upgrace.info\/fr\/locaties\/eglise-notre-dame-de-limmaculee-conception-grande-eglise\/"]}]},{"@type":"ImageObject","inLanguage":"fr-FR","@id":"https:\/\/upgrace.info\/fr\/locaties\/eglise-notre-dame-de-limmaculee-conception-grande-eglise\/#primaryimage","url":"https:\/\/upgrace.info\/wp-content\/uploads\/2025\/12\/511160640_10237605475776197_4245920311633188417_n.jpg","contentUrl":"https:\/\/upgrace.info\/wp-content\/uploads\/2025\/12\/511160640_10237605475776197_4245920311633188417_n.jpg","width":1079,"height":720},{"@type":"BreadcrumbList","@id":"https:\/\/upgrace.info\/fr\/locaties\/eglise-notre-dame-de-limmaculee-conception-grande-eglise\/#breadcrumb","itemListElement":[{"@type":"ListItem","position":1,"name":"Home","item":"https:\/\/upgrace.info\/fr\/"},{"@type":"ListItem","position":2,"name":"\u00c9glise Notre-Dame-de-l&#8217;Immacul\u00e9e-Conception (Grande \u00c9glise)"}]},{"@type":"WebSite","@id":"https:\/\/upgrace.info\/#website","url":"https:\/\/upgrace.info\/","name":"UpGrace","description":"alles over het sacrament van de verzoening","potentialAction":[{"@type":"SearchAction","target":{"@type":"EntryPoint","urlTemplate":"https:\/\/upgrace.info\/?s={search_term_string}"},"query-input":{"@type":"PropertyValueSpecification","valueRequired":true,"valueName":"search_term_string"}}],"inLanguage":"fr-FR"}]}},"_links":{"self":[{"href":"https:\/\/upgrace.info\/fr\/wp-json\/wp\/v2\/locatie\/1576","targetHints":{"allow":["GET"]}}],"collection":[{"href":"https:\/\/upgrace.info\/fr\/wp-json\/wp\/v2\/locatie"}],"about":[{"href":"https:\/\/upgrace.info\/fr\/wp-json\/wp\/v2\/types\/locatie"}],"author":[{"embeddable":true,"href":"https:\/\/upgrace.info\/fr\/wp-json\/wp\/v2\/users\/4"}],"wp:featuredmedia":[{"embeddable":true,"href":"https:\/\/upgrace.info\/fr\/wp-json\/wp\/v2\/media\/1574"}],"wp:attachment":[{"href":"https:\/\/upgrace.info\/fr\/wp-json\/wp\/v2\/media?parent=1576"}],"wp:term":[{"taxonomy":"faciliteit","embeddable":true,"href":"https:\/\/upgrace.info\/fr\/wp-json\/wp\/v2\/faciliteit?post=1576"},{"taxonomy":"locatie_categorie","embeddable":true,"href":"https:\/\/upgrace.info\/fr\/wp-json\/wp\/v2\/locatie_categorie?post=1576"},{"taxonomy":"locatie_tag","embeddable":true,"href":"https:\/\/upgrace.info\/fr\/wp-json\/wp\/v2\/locatie_tag?post=1576"}],"curies":[{"name":"wp","href":"https:\/\/api.w.org\/{rel}","templated":true}]}}

Église Notre-Dame-de-l&rsquo;Immaculée-Conception (Grande Église)

<p><strong>Abbé Quinten Kerckhofs</strong> (NL, EN, FR, DE) : tous les dimanches entre 9h30 et 10h15 et entre 11h30 et 11h55, après la messe de midi, les vendredis entre 19h30 et 20h00 ou sur rendez-vous.</p>

<!-- This site is optimized with the Yoast SEO plugin v27.0 - https://yoast.com/product/yoast-seo-wordpress/ -->
<title>Église Notre-Dame-de-l&#039;Immaculée-Conception (Grande Église) - UpGrace</title>
<meta name="robots" content="index, follow, max-snippet:-1, max-image-preview:large, max-video-preview:-1" />
<link rel="canonical" href="https://upgrace.info/fr/locaties/eglise-notre-dame-de-limmaculee-conception-grande-eglise/" />
<meta property="og:locale" content="fr_FR" />
<meta property="og:type" content="article" />
<meta property="og:title" content="Église Notre-Dame-de-l&#039;Immaculée-Conception (Grande Église) - UpGrace" />
<meta property="og:description" content="Abbé Quinten Kerckhofs (NL, EN, FR, DE) : tous les dimanches entre 9h30 et 10h15 et entre 11h30 et 11h55, après la messe de midi, les vendredis entre 19h30 et 20h00 ou sur rendez-vous." />
<meta property="og:url" content="https://upgrace.info/fr/locaties/eglise-notre-dame-de-limmaculee-conception-grande-eglise/" />
<meta property="og:site_name" content="UpGrace" />
<meta property="article:modified_time" content="2025-12-30T19:51:47+00:00" />
<meta property="og:image" content="https://upgrace.info/wp-content/uploads/2025/12/511160640_10237605475776197_4245920311633188417_n.jpg" />
	<meta property="og:image:width" content="1079" />
	<meta property="og:image:height" content="720" />
	<meta property="og:image:type" content="image/jpeg" />
<meta name="twitter:card" content="summary_large_image" />
<meta name="twitter:label1" content="Durée de lecture estimée" />
	<meta name="twitter:data1" content="1 minute" />
<script type="application/ld+json" class="yoast-schema-graph">{"@context":"https://schema.org","@graph":[{"@type":"WebPage","@id":"https://upgrace.info/fr/locaties/eglise-notre-dame-de-limmaculee-conception-grande-eglise/","url":"https://upgrace.info/fr/locaties/eglise-notre-dame-de-limmaculee-conception-grande-eglise/","name":"Église Notre-Dame-de-l'Immaculée-Conception (Grande Église) - UpGrace","isPartOf":{"@id":"https://upgrace.info/#website"},"primaryImageOfPage":{"@id":"https://upgrace.info/fr/locaties/eglise-notre-dame-de-limmaculee-conception-grande-eglise/#primaryimage"},"image":{"@id":"https://upgrace.info/fr/locaties/eglise-notre-dame-de-limmaculee-conception-grande-eglise/#primaryimage"},"thumbnailUrl":"https://upgrace.info/wp-content/uploads/2025/12/511160640_10237605475776197_4245920311633188417_n.jpg","datePublished":"2025-12-11T16:07:44+00:00","dateModified":"2025-12-30T19:51:47+00:00","breadcrumb":{"@id":"https://upgrace.info/fr/locaties/eglise-notre-dame-de-limmaculee-conception-grande-eglise/#breadcrumb"},"inLanguage":"fr-FR","potentialAction":[{"@type":"ReadAction","target":["https://upgrace.info/fr/locaties/eglise-notre-dame-de-limmaculee-conception-grande-eglise/"]}]},{"@type":"ImageObject","inLanguage":"fr-FR","@id":"https://upgrace.info/fr/locaties/eglise-notre-dame-de-limmaculee-conception-grande-eglise/#primaryimage","url":"https://upgrace.info/wp-content/uploads/2025/12/511160640_10237605475776197_4245920311633188417_n.jpg","contentUrl":"https://upgrace.info/wp-content/uploads/2025/12/511160640_10237605475776197_4245920311633188417_n.jpg","width":1079,"height":720},{"@type":"BreadcrumbList","@id":"https://upgrace.info/fr/locaties/eglise-notre-dame-de-limmaculee-conception-grande-eglise/#breadcrumb","itemListElement":[{"@type":"ListItem","position":1,"name":"Home","item":"https://upgrace.info/fr/"},{"@type":"ListItem","position":2,"name":"Église Notre-Dame-de-l&#8217;Immaculée-Conception (Grande Église)"}]},{"@type":"WebSite","@id":"https://upgrace.info/#website","url":"https://upgrace.info/","name":"UpGrace","description":"alles over het sacrament van de verzoening","potentialAction":[{"@type":"SearchAction","target":{"@type":"EntryPoint","urlTemplate":"https://upgrace.info/?s={search_term_string}"},"query-input":{"@type":"PropertyValueSpecification","valueRequired":true,"valueName":"search_term_string"}}],"inLanguage":"fr-FR"}]}</script>
<!-- / Yoast SEO plugin. -->

Église Notre-Dame-de-l'Immaculée-Conception (Grande Église) - UpGrace

Abbé Quinten Kerckhofs (NL, EN, FR, DE) : tous les dimanches entre 9h30 et 10h15 et entre 11h30 et 11h55, après la messe de midi, les vendredis entre 19h30 et 20h00 ou sur rendez-vous.

Église Notre-Dame-de-l&#8217;Immaculée-Conception (Grande Église)
